57*u + 185277. Determine j(282).
3
Let d(j) = j**2 - 905*j + 25401. Give d(29).
-3
Let q(z) = z**3 - 20*z**2 + 72*z - 1400. Calculate q(20).
40
Let a(c) = 7*c**2 - 1645*c + 1600. What is a(234)?
-38
Let u(r) = -14*r**2 + 330*r - 41. Calculate u(21).
715
Let y(u) = 27003*u + 81012. Calculate y(-3).
3
Let n(q) = 995*q - 102423. Give n(103).
62
Let y(f) = 197*f - 26076. Calculate y(132).
-72
Let j(x) = x**2 - 1878*x + 26065. Give j(14).
-31
Let w(q) = 3328*q**2 + 19847*q - 771. Calculate w(-6).
-45
Let x(i) = -i**2 - 71*i - 340. Determine x(-65).
50
Let b(w) = -w**2 - 263*w - 17173. Determine b(-144).
-37
Let q(k) = -k**3 + 107*k**2 - 2325*k + 980. Give q(77).
-175
Let o(d) = -5491*d + 351473. Determine o(64).
49
Let n(v) = -8*v**3 - 244*v**2 + 470*v + 16. Determine n(2).
-84
Let y(m) = 90*m**2 + 30143*m - 2396. Calculate y(-335).
-51
Let p(x) = -114*x**2 - 13925*x - 2079. Give p(-122).
-5
Let h(o) = -79509*o - 476753. Calculate h(-6).
301
Let y(a) = 20088*a - 743254. Determine y(37).
2
Let f(y) = 285*y - 54. What is f(5)?
1371
Let y(q) = q**3 - 82*q**2 + 49*q + 8899. Calculate y(80).
19
Let l(h) = -h**3 - 46*h**2 - 268901*h - 12640562. What is l(-47)?
-6
Let x(t) = -6*t + 57. What is x(-4)?
81
Let v(g) = 2*g**3 - 56*g**2 - 153*g - 44. Determine v(30).
-1034
Let a(y) = y**3 + y**2 - 200*y - 1046. What is a(-6)?
-26
Let m(u) = 2*u**2 + 184*u + 4236. Determine m(-48).
12
Let d(x) = x**3 - 126*x**2 + 149*x - 35057. Give d(127).
-5
Let r(k) = -2024*k + 495569. Determine r(245).
-311
Let d(f) = f**2 + 970*f - 7740. Calculate d(8).
84
Let m(f) = -7*f**3 - 344*f**2 - 131*f - 3176. What is m(-49)?
842
Let i(w) = w**3 - 10*w**2 - 1927*w - 3923. What is i(-38)?
-9
Let m(u) = -2657*u + 2075110. What is m(781)?
-7
Let r(p) = -p**2 + 24*p + 352. Calculate r(37).
-129
Let s(p) = 84*p + 6822. Determine s(-71).
858
Let p(k) = 1088*k - 16379. Give p(15).
-59
Let d(x) = -x**2 + 113*x + 4553. What is d(-31)?
89
Let f(b) = 165398*b - 14554998. Calculate f(88).
26
Let s(m) = -15*m**2 - 2715*m - 2712. Determine s(-180).
-12
Let j(d) = d**3 + 66*d**2 + 792*d + 7784. What is j(-54)?
8
Let x(s) = 21*s**2 + 77. Determine x(4).
413
Let d(n) = 9883*n - 69189. Give d(7).
-8
Let k(h) = 2*h**2 - 154*h - 13010. What is k(128)?
46
Let p(z) = z**3 + 19*z**2 + 148*z + 463. Give p(-6).
43
Let f(a) = 4809*a - 126158. Give f(26).
-1124
Let x(a) = -3*a**3 + 1399*a**2 - 3361*a + 52429. Calculate x(464).
-3
Let j(g) = 15*g**3 - 431*g**2 + 2005*g - 610. What is j(23)?
11
Let r(g) = 2*g**2 + 52757*g + 463. Determine r(0).
463
Let u(p) = 2*p**2 + 358*p + 13360. Calculate u(-126).
4
Let d(s) = -s**3 + 261*s**2 - 761*s - 3465. What is d(258)?
-111
Let w(q) = -2*q**3 + 42*q**2 - 204*q - 17. Calculate w(12).
127
Let i(a) = 6*a**2 - 2271*a - 19737. What is i(387)?
0
Let p(h) = 13707*h + 204740. Give p(-15).
-865
Let j(y) = -74402*y + 1785632. Determine j(24).
-16
Let u(p) = 6*p**2 + 86*p + 420. What is u(-8)?
116
Let b(i) = 3*i**3 - 53*i**2 + 23*i + 162. Calculate b(17).
-25
Let w(u) = u**2 - 33793*u - 473271. Calculate w(-14).
27
Let p(n) = 1532*n + 7153. Give p(-5).
-507
Let m(f) = f**2 - 98*f + 3348. Calculate m(49).
947
Let n(c) = -5*c**2 - 13*c + 1532. Give n(-19).
-26
Let b(v) = -18704*v - 598490. What is b(-32)?
38
Let q(m) = -m**3 - 35*m**2 - 243*m + 603. What is q(-13)?
44
Let g(q) = q**3 + 14*q**2 - 1460*q + 488. Give g(-46).
-64
Let w(u) = -3*u**2 - 103*u + 1108. Determine w(-42).
142
Let m(h) = 5*h**3 + 349*h**2 + 3419*h - 176. Calculate m(-58).
-2
Let i(o) = -41*o**3 + 3074*o**2 + 476*o - 30071. Calculate i(75).
4
Let w(u) = -2*u**3 - 381*u**2 + 69839*u - 1826. Calculate w(-305).
4
Let u(o) = 497*o + 78889. Give u(-159).
-134
Let a(x) = -x**3 - 57*x**2 + 427*x + 14833. Give a(-60).
13
Let v(n) = -5*n**2 - 3762*n - 15014. Give v(-4).
-46
Let c(h) = -h**2 + 8175*h - 583416. Give c(72).
0
Let y(a) = 313*a + 25974. Determine y(-83).
-5
Let j(x) = 1763*x**2 + 114596*x + 59. What is j(-65)?
-6
Let q(b) = 15*b**3 - 283*b**2 - 15*b - 387. What is q(19)?
50
Let j(g) = -4*g**3 + 107*g**2 + 35*g - 126. Determine j(27).
90
Let n(j) = -205*j - 10054. Determine n(-50).
196
Let m(n) = -1263*n + 2467. What is m(2)?
-59
Let m(s) = 95*s**3 - 281*s**2 + 12*s - 24. Calculate m(3).
48
Let t(w) = 226*w**3 - 13*w**2 - 23*w + 8. Calculate t(-2).
-1806
Let q(w) = 58519*w**2 - 117037*w + 1. Determine q(2).
3
Let d(k) = 68*k - 2119. What is d(35)?
261
Let k(x) = -96*x**2 + 1955*x + 15693. Determine k(-8).
-6091
Let z(g) = -10*g**3 - 374*g**2 - 190*g - 1532. Determine z(-37).
22
Let h(j) = -25*j**2 + 9042*j + 2894. Determine h(362).
-2
Let k(v) = 624*v - 379928. Calculate k(609).
88
Let w(s) = 308*s**2 - 178*s - 363. Give w(-2).
1225
Let b(w) = 5*w**3 + 69*w**2 + 231*w + 131. What is b(-9)?
-4
Let y(u) = -u**3 - 3*u**2 + 358*u - 851. Determine y(16).
13
Let k(f) = -13130*f + 656458. Give k(50).
-42
Let c(a) = -123355*a + 3453821. Determine c(28).
-119
Let f(g) = g**3 + 59*g**2 - 180*g - 2714. Give f(-61).
824
Let m(x) = -2*x**3 - 320*x**2 + 303*x - 3772. Determine m(-161).
-713
Let p(d) = 3*d**2 - 5331*d + 110623. What is p(21)?
-5
Let k(u) = -7888*u + 228636. Give k(29).
-116
Let j(y) = -y**2 - 162609*y + 325221. What is j(2)?
-1
Let f(l) = 445*l - 16016. What is f(36)?
4
Let j(p) = 30*p**2 - 301*p - 60. Give j(10).
-70
Let z(l) = 5351*l + 74899. Determine z(-14).
-15
Let t(k) = 3*k**2 - 287*k + 4171. Determine t(19).
-199
Let w(b) = 304*b - 77825. What is w(256)?
-1
Let j(s) = -2301*s - 25690. Calculate j(-11).
-379
Let f(y) = 611*y - 41525. Calculate f(68).
23
Let g(v) = v**2 + 354*v - 36789. What is g(84)?
3
Let y(q) = 2*q**2 + 695*q + 20154. Determine y(-32).
-38
Let l(n) = 6*n**3 - n**2 - 5*n + 154. Calculate l(6).
1384
Let b(n) = -2381*n + 206410. Give b(88).
-3118
Let y(f) = -22*f**2 - 5221*f + 3668. Determine y(-238).
98
Let i(c) = -c**3 - 399*c**2 + 581*c + 72421. Calculate i(-400).
21
Let k(l) = 199*l**2 + 9717*l - 1681. Give k(-49).
-15
Let z(o) = 72*o - 5467. Determine z(93).
1229
Let f(s) = 13*s**2 - 49*s - 1809. Calculate f(16).
735
Let c(v) = 239105*v - 1434625. Give c(6).
5
Let a(v) = -6*v - 403. Determine a(51).
-709
Let c(p) = -p**2 + 1844*p + 48592. Calculate c(-26).
-28
Let k(s) = s**3 + 118*s**2 + 243*s + 2403. Calculate k(-116).
1127
Let q(h) = 28*h**2 + 1703*h + 5063. Calculate q(-3).
206
Let t(k) = 245*k**2 + 1436*k - 107. Give t(-6).
97
Let m(l) = -l**3 + 4*l**2 + 575*l + 3493. Calculate m(-7).
7
Let g(u) = u**2 - 69*u + 874. Determine g(16).
26
Let j(z) = -12319*z + 332459. Calculate j(27).
-154
Let h(v) = -v**2 - 293*v + 1396. What is h(0)?
1396
Let m(l) = -36*l**2 + 42*l - 174. What is m(0)?
-174
Let p(b) = -4*b**2 - 295*b + 3893. Calculate p(14).
-1021
Let a(w) = -228*w**3 - 130*w**2 - 54*w - 1. What is a(-1)?
151
Let q(y) = 105*y**2 - 1079*y - 7435. Determine q(15).
5
Let g(h) = 103*h**3 - 12363*h**2 + 563*h - 24353. What is g(120)?
7
Let y(r) = 2139*r - 355105. Give y(166).
-31
Let p(o) = -o**3 + 539*o**2 - 4227*o - 11136. Determine p(531).
15
Let d(n) = 544*n + 91344. Determine d(-161).
3760
Let d(g) = -3*g**2 + 4772*g + 220802. Give d(-45).
-13
Let r(m) = 1721*m - 147983. Determine r(86).
23
Let z(w) = 3*w**3 + 207*w**2 + 27*w - 276. What is z(-69)?
-2139
Let r(l) = 3*l**3 + 36*l - 171. Determine r(-6).
-1035
Let k(p) = -519032*p + 2076077. What is k(4)?
-51
Let d(n) = -263*n + 14637. Calculate d(55).
172
Let v(b) = -69*b + 3538. Calculate v(25).
1813
Let a(q) = -q**2 - 71*q - 550. What is a(-63)?
-46
Let q(o) = -o**3 - 6*o**2 - 181*o - 120. What is q(-13)?
3416
Let l(s) = s**2 - 1435*s + 140853. Give l(106).
-21
Let p(i) = 14*i**2 - 3841*i - 69638. What is p(-17)?
-295
Let h(o) = 2*o**3 + 342*o**2 + 444*o + 17581. Determine h(-170).
-99
Let x(p) = 3*p**2 - 116*p - 6141. Calculate x(66).
-729
Let d(i) = 12558*i**2 + 263717*i - 37. Determine d(-21).
-16
Let l(k) = 499*k - 21956. Give l(44).
0
Let h(c) = -30*c**2 - 1926*c - 170. What is h(-64)?
214
Let b(f) = 2*f**3 + 111*f**2 + 115*f + 2881. What is b(-55)?
-419
Let r(a) = 1520306*a + 6081212. Determine r(-4).
-12
Let w(y) = -1010*y - 42461. What is w(-42)?
-41
Let k(o) = -o**3 - 65*o**2 + 19536*o - 238. Calculate k(-176).
-238
Let r(h) = -4829*h + 118962. What is r(25)?
-1763
Let o(b) = 9668*b**2 - 29017*b + 35. Give o(3